/(-3). Let r = t + -49. Let h be (r - -39)/(2/28). Calculate the highest common factor of h and 56.
56
Suppose -5*x + 30 = -2*x. Suppose 248 = 5*m - 4*v, -m + 72 = -14*v + 10*v. Suppose q - m = -x*q. What is the highest common divisor of q and 10?
2
Suppose 2*c - 1011052 - 307860 = -26*c. Calculate the highest common factor of 46 and c.
46
Suppose 5 = 4*u - 3*u. Let q be 3/(-2)*(-5 - -3). Suppose -u*t + 8 = q. Calculate the highest common factor of t and 9.
1
Suppose -3 - 21 = -6*l. Suppose 4*u = x - 220, -l*u + 1025 = 5*x + u. Calculate the greatest common divisor of 16 and x.
16
Let c(f) = 22*f**2 - 4*f - 55. Let i be c(-5). Let d = i + -461. Let n(u) = 2*u**2 + 3*u - 3. Let t be n(-3). What is the greatest common divisor of t and d?
6
Suppose 5*x - 2446 = -2*r + 666, -616 = -x - 2*r. Suppose 2*q = -2*q + x. Let g be (q/65)/(2/55). What is the greatest common factor of g and 22?
22
Let u(i) = 2*i**2 - 30*i + 7. Let c be u(16). Suppose -c*y - 1643 + 5699 = 0. What is the highest common divisor of y and 1?
1
Let x be (-31)/11 - 98/539. Let j be x - (4 - 14) - -53. What is the greatest common divisor of j and 108?
12
Let t = -98 - -156. Let f = -19 + 50. Let o = t - f. Calculate the highest common divisor of 9 and o.
9
Suppose 2*i - 1326 = -i. Let r be -26 + 550/22 + 35. What is the greatest common factor of r and i?
34
Let u = 270 - 250. Let h be u/1*(-28)/(-5). What is the highest common divisor of h and 42?
14
Suppose -2794 = -20*c + 19*c. Let m be (-9)/(-21) + c/14. Suppose 3*u + 96 = i, 0*i - 2*u + m = 2*i. What is the greatest common divisor of i and 11?
11
Suppose -244608 = -65*l - 2*l + 3*l. What is the highest common factor of l and 429?
39
Let p = -14 - -30. Let n be 8 - -16 - (7 + -3). Calculate the greatest common divisor of n and p.
4
Suppose 13*f + 277 - 1174 = 0. Calculate the greatest common divisor of f and 184.
23
Suppose -19*f + 2822 = 86. What is the greatest common factor of f and 42?
6
Let p be 6/(-33) + ((-25)/(-10) - (-259998)/132). What is the greatest common factor of 348 and p?
116
Suppose 4*z - 556*j = -555*j + 4223, -4*z = 4*j - 4228. What is the highest common factor of 2475 and z?
33
Let o be 5049/(-21) - (-1)/(-14)*-6. Let b = o + 286. Calculate the greatest common divisor of b and 138.
46
Let h = -2136 + 2654. What is the greatest common divisor of h and 6?
2
Let t(h) = -9*h**3 + 13. Let l(j) = -11*j**3 + j**2 - j + 12. Let s(q) = -4*l(q) + 5*t(q). Let o be s(-6). Calculate the greatest common factor of 52 and o.
13
Suppose 5 = 5*j, -2*j = -4*z + 3 + 3. Suppose -5*h + 3 = -z, -387 = -3*c + 3*h. What is the greatest common divisor of 26 and c?
26
Let x = -246 + 371. Let o(d) = d**2 - 4*d - 46. Suppose 0 = 10*n - 16 - 104. Let m be o(n). Calculate the greatest common factor of x and m.
25
Suppose -10 = 5*o + 2*z, -5*z = 5*o - z + 10. Let v(b) = 12*b**2 + 22*b + 38. Let i be v(o). Calculate the greatest common factor of 30 and i.
6
Suppose 177 = 5*g + 87. Let k(y) = -y**3 + y**2 - y + 27. Let t be (0/(-2))/(-2 + 0). Let q be k(t). What is the greatest common divisor of q and g?
9
Let p(r) = -r**2 + r + 36. Let a be p(0). Suppose 2*o - 4 - a = 0. What is the highest common divisor of o and 8?
4
Let g(y) = 5*y - 13. Let n be g(3). Let u(s) = 4*s**2 - 4*s + 1 - n*s + 1 + 7*s. Let b be u(2). What is the greatest common divisor of b and 140?
20
Let k be (-34)/85 + (-1536)/(-15). What is the highest common factor of k and 138?
6
Suppose -3*a + 2*x + 61 = 0, 0 = 2*a + 4*x - 38 - 24. Calculate the greatest common factor of 5497 and a.
23
Let r(i) = -13*i - 5. Let p be r(-4). Suppose -30*h = -31*h + j + 516, 0 = 3*h - j - 1550. Calculate the greatest common factor of h and p.
47
Let s be ((-28)/3)/((-2)/6). Suppose -265*c - r = -269*c + 1012, -4*c - 5*r + 988 = 0. What is the greatest common factor of s and c?
28
Let j = 51089 - 50974. Let n be 322/(-3)*(-9)/6. What is the highest common divisor of n and j?
23
Let k(a) = 283*a - 407. Let r be k(3). Calculate the highest common divisor of 1 and r.
1
Suppose 0 = 5*w + 2*x - 75, 0 = 4*w - x + 5*x - 60. Let t be (-940)/(-2) - (-1)/(11/(495/(-9))). What is the greatest common divisor of t and w?
15
Let l(c) = -c**3 + 9*c**2 - 3*c + 79. Let h be l(8). Calculate the greatest common divisor of h and 952.
119
Suppose 44 = 2*v + 106. Let t = v - -226. What is the highest common factor of 117 and t?
39
Let q be (-2)/9*3 - (-1003)/177. Suppose 5*b = -2*x + 1316, -3*b = -q*x - 692 - 110. What is the greatest common divisor of 24 and b?
24
Let d be ((-30)/9)/(5/(-180)). Suppose -2*z - 1637 = -5*f - 227, 3*z = -15. What is the highest common factor of d and f?
40
Let a = 488877 - 486973. Let j(c) = 112*c**2 + c + 1. Let x be j(-1). Calculate the highest common factor of x and a.
112
Suppose 5*t + 4*u = -880, -3*t + 10*u - 11*u = 535. Let m be 45/(-2)*t/405. Calculate the greatest common factor of 10 and m.
10
Suppose 0 = 3*c + 8 - 29. Let h(p) = 13*p - 35. Let m = 66 - 59. Let a be h(m). Calculate the greatest common factor of a and c.
7
Let s(d) = 33*d**3 - 10*d**2 + 21*d - 245. Let w be s(6). Calculate the highest common factor of w and 122.
61
Suppose -74*t + 86*t = 4172 + 3244. What is the highest common divisor of 5356 and t?
206
Let a(r) = -8*r + 124. Let y be a(11). Suppose -21*k + 20*k - 18 = 0. Let b be (-72)/2*k/12. Calculate the highest common factor of b and y.
18
Let y = -3 - -10. Let n(q) = -24*q + 104. Let b be n(5). Let u = b - -23. Calculate the highest common factor of u and y.
7
Let n be ((-50)/75)/(2/9*3). Let d be n/(4/(-6)*(-12)/(-24)). Suppose 2*h - 64 = -5*t, 3*t - 36 = -3*h - d. What is the greatest common divisor of 14 and t?
14
Let w = 39 + -4. Suppose -7*a + 11*a - 121 = -5*s, 4*a - 71 = -3*s. Suppose -s = -34*t + 29*t. What is the greatest common factor of t and w?
5
Let c(p) = 12*p**2 - 128*p + 19. Let u be c(11). Let s(i) = i - 1. Let a be s(-8). Let f be -1*a/(2/2). Calculate the greatest common divisor of u and f.
9
Let j be (36 - 73)*(-2)/(-3)*-3. Let g = j + 52. What is the greatest common factor of g and 36?
18
Suppose 0 = 6*l - 3*l + 21*l - 4752. Let a(w) = -w**2 - 2*w + 110. Let k be a(0). Calculate the highest common factor of l and k.
22
Suppose -13*h = -16*h + 9. Suppose f - c = 19, 83 = 8*f - h*f - c. What is the highest common factor of f and 104?
8
Suppose 0 = -x + 3 - 5, 4*u - 2*x - 216 = 0. Suppose 48*f + 5*z + 3170 = u*f, -1918 = -3*f - 5*z. Calculate the greatest common divisor of 12 and f.
12
Let n = -1144 - -1274. Calculate the greatest common divisor of n and 78.
26
Suppose 0 = 4*d + 5*z - 36, -15*d + 10*d + z + 16 = 0. Let k be (-11 - 13)*d/(-6). What is the highest common factor of 144 and k?
16
Suppose 0 = s - 2*s - 3*j + 366, 3*s + j - 1122 = 0. Let b = -8337 - -8367. What is the highest common factor of b and s?
15
Suppose c = -11 - 13. Let k be (-108 - c)/(0 + -1). What is the highest common factor of k and 21?
21
Let h be (-2)/((-12)/51) - 82/164. What is the highest common factor of h and 664?
8
Let k be 11 + 282 + 0 + -5. Calculate the greatest common divisor of 2112 and k.
96
Let n be 2 - (-11)/(-2 - -3). Suppose -36*w - 4*l = -38*w + 432, 16 = -4*l. What is the highest common divisor of w and n?
13
Suppose 2*i + 1 = -277. Let r = i - -213. Suppose 2*t - r = -20. Calculate the greatest common divisor of 27 and t.
27
Suppose 808*q - 872*q = -25659 - 14085. What is the highest common divisor of q and 759?
69
Suppose 7*o = 8*o + 1, -5*p - 5*o + 80 = 0. Suppose -8 = 2*s, 2*t - 182 = -0*s + 3*s. What is the greatest common factor of p and t?
17
Let k(d) = 74*d - 188. Let l be k(7). Calculate the highest common factor of l and 40.
10
Suppose 0 = -5*u - 4*f + 50, -2*f = -4*f. Suppose 0 = -14*z + u*z, -3*g - 5*z = -18. What is the highest common factor of 48 and g?
6
Suppose 2*y + 8 = 2*b, -4 = 3*y - 5*b + 4*b. Let n = -44 + 66. Suppose -2 = -i - m, -2*i - 3*i - m + n = y. What is the greatest common divisor of 40 and i?
5
Let l be -296*((-2 - 2) + -6). Suppose -8*y = -24*y + l. Calculate the highest common divisor of 37 and y.
37
Let p = -33326 - -33341. Let h be (26/3)/((-4)/(-270)). What is the greatest common divisor of p and h?
15
Suppose 0 = -5*t - 4*j + 203, -50 + 194 = 3*t - 5*j. Calculate the greatest common divisor of t a